{"id":86960,"date":"2022-05-17T16:53:12","date_gmt":"2022-05-17T14:53:12","guid":{"rendered":"https:\/\/riebeaux.de\/?post_type=seminar&#038;p=86960"},"modified":"2026-01-27T13:20:15","modified_gmt":"2026-01-27T12:20:15","slug":"interkulturelle-kompetenz","status":"publish","type":"seminar","link":"https:\/\/riebeaux.com\/en\/seminar\/interkulturelle-kompetenz\/","title":{"rendered":"Interkulturelle Kompetenz \u2013 sicher \u00fcber Kulturgrenzen zusammenarbeiten"},"featured_media":219893,"comment_status":"open","ping_status":"closed","template":"","seminar_schlagworte":[1494,1489,1484,1493,1497,1486,1490,1485,1487,1496,1492,1488,1495,1498,1491],"seminar_kategorien":[302],"class_list":["post-86960","seminar","type-seminar","status-publish","has-post-thumbnail","hentry","seminar_schlagworte-globale-zusammenarbeit-training","seminar_schlagworte-interkulturelle-kompetenz-fuehrungskraefte","seminar_schlagworte-interkulturelle-kompetenz-seminar","seminar_schlagworte-interkulturelle-sensibilitaet-seminar","seminar_schlagworte-interkulturelle-weiterbildung-unternehmen","seminar_schlagworte-interkulturelle-zusammenarbeit-seminar","seminar_schlagworte-interkulturelles-management-seminar","seminar_schlagworte-interkulturelles-training-seminar","seminar_schlagworte-internationale-kommunikation-training","seminar_schlagworte-internationale-teamarbeit-seminar","seminar_schlagworte-kommunikation-ueber-kulturgrenzen","seminar_schlagworte-kulturelle-unterschiede-verstehen","seminar_schlagworte-kulturuebergreifend-kommunizieren","seminar_schlagworte-professionell-international-arbeiten","seminar_schlagworte-zusammenarbeit-in-internationalen-teams","seminar_kategorien-interkulturelle-kompetenz"],"acf":[],"yoast_head":"<!-- This site is optimized with the Yoast SEO plugin v27.4 - https:\/\/yoast.com\/product\/yoast-seo-wordpress\/ -->\n<title>Interkulturelle Kompetenz Seminar \u2013 \u00fcber Kulturgrenzen arbeiten<\/title>\n<meta name=\"description\" content=\"Interkulturelle Kompetenz Seminar f\u00fcr Fach- und F\u00fchrungskr\u00e4fte, die international sicher kommunizieren und zusammenarbeiten m\u00f6chten.\" \/>\n<meta name=\"robots\" content=\"index, follow, max-snippet:-1, max-image-preview:large, max-video-preview:-1\" \/>\n<link rel=\"canonical\" href=\"https:\/\/riebeaux.com\/seminar\/interkulturelle-kompetenz\/\" \/>\n<meta name=\"twitter:card\" content=\"summary_large_image\" \/>\n<meta name=\"twitter:title\" content=\"Interkulturelle Kompetenz Seminar \u2013 \u00fcber Kulturgrenzen arbeiten\" \/>\n<meta name=\"twitter:description\" content=\"Interkulturelle Kompetenz Seminar f\u00fcr Fach- und F\u00fchrungskr\u00e4fte, die international sicher kommunizieren und zusammenarbeiten m\u00f6chten.\" \/>\n<meta name=\"twitter:image\" content=\"https:\/\/riebeaux.com\/wp-content\/uploads\/2022\/05\/interkulturelle-kompetenz-seminar.jpg\" \/>\n<meta name=\"twitter:label1\" content=\"Est. reading time\" \/>\n\t<meta name=\"twitter:data1\" content=\"1 minute\" \/>\n<script type=\"application\/ld+json\" class=\"yoast-schema-graph\">{\"@context\":\"https:\\\/\\\/schema.org\",\"@graph\":[{\"@type\":\"WebPage\",\"@id\":\"https:\\\/\\\/riebeaux.com\\\/seminar\\\/interkulturelle-kompetenz\\\/\",\"url\":\"https:\\\/\\\/riebeaux.com\\\/seminar\\\/interkulturelle-kompetenz\\\/\",\"name\":\"Interkulturelle Kompetenz Seminar \u2013 \u00fcber Kulturgrenzen arbeiten\",\"isPartOf\":{\"@id\":\"https:\\\/\\\/riebeaux.com\\\/#website\"},\"primaryImageOfPage\":{\"@id\":\"https:\\\/\\\/riebeaux.com\\\/seminar\\\/interkulturelle-kompetenz\\\/#primaryimage\"},\"image\":{\"@id\":\"https:\\\/\\\/riebeaux.com\\\/seminar\\\/interkulturelle-kompetenz\\\/#primaryimage\"},\"thumbnailUrl\":\"https:\\\/\\\/riebeaux.com\\\/wp-content\\\/uploads\\\/2022\\\/05\\\/interkulturelle-kompetenz-seminar.jpg\",\"datePublished\":\"2022-05-17T14:53:12+00:00\",\"dateModified\":\"2026-01-27T12:20:15+00:00\",\"description\":\"Interkulturelle Kompetenz Seminar f\u00fcr Fach- und F\u00fchrungskr\u00e4fte, die international sicher kommunizieren und zusammenarbeiten m\u00f6chten.\",\"breadcrumb\":{\"@id\":\"https:\\\/\\\/riebeaux.com\\\/seminar\\\/interkulturelle-kompetenz\\\/#breadcrumb\"},\"inLanguage\":\"en-US\",\"potentialAction\":[{\"@type\":\"ReadAction\",\"target\":[\"https:\\\/\\\/riebeaux.com\\\/seminar\\\/interkulturelle-kompetenz\\\/\"]}]},{\"@type\":\"ImageObject\",\"inLanguage\":\"en-US\",\"@id\":\"https:\\\/\\\/riebeaux.com\\\/seminar\\\/interkulturelle-kompetenz\\\/#primaryimage\",\"url\":\"https:\\\/\\\/riebeaux.com\\\/wp-content\\\/uploads\\\/2022\\\/05\\\/interkulturelle-kompetenz-seminar.jpg\",\"contentUrl\":\"https:\\\/\\\/riebeaux.com\\\/wp-content\\\/uploads\\\/2022\\\/05\\\/interkulturelle-kompetenz-seminar.jpg\",\"width\":1000,\"height\":667,\"caption\":\"Erfolgreich \u00fcber Kulturgrenzen hinweg zusammenarbeiten\"},{\"@type\":\"BreadcrumbList\",\"@id\":\"https:\\\/\\\/riebeaux.com\\\/seminar\\\/interkulturelle-kompetenz\\\/#breadcrumb\",\"itemListElement\":[{\"@type\":\"ListItem\",\"position\":1,\"name\":\"Startseite\",\"item\":\"https:\\\/\\\/riebeaux.com\\\/en\\\/\"},{\"@type\":\"ListItem\",\"position\":2,\"name\":\"Seminare\",\"item\":\"https:\\\/\\\/riebeaux.com\\\/en\\\/seminar_kategorien\\\/\"},{\"@type\":\"ListItem\",\"position\":3,\"name\":\"Interkulturelle Kompetenz \u2013 sicher \u00fcber Kulturgrenzen zusammenarbeiten\"}]},{\"@type\":\"WebSite\",\"@id\":\"https:\\\/\\\/riebeaux.com\\\/#website\",\"url\":\"https:\\\/\\\/riebeaux.com\\\/\",\"name\":\"\u1405 riebeaux\",\"description\":\"Firmenslogan\",\"potentialAction\":[{\"@type\":\"SearchAction\",\"target\":{\"@type\":\"EntryPoint\",\"urlTemplate\":\"https:\\\/\\\/riebeaux.com\\\/?s={search_term_string}\"},\"query-input\":{\"@type\":\"PropertyValueSpecification\",\"valueRequired\":true,\"valueName\":\"search_term_string\"}}],\"inLanguage\":\"en-US\"}]}<\/script>\n<!-- \/ Yoast SEO plugin. -->","yoast_head_json":{"title":"Interkulturelle Kompetenz Seminar \u2013 \u00fcber Kulturgrenzen arbeiten","description":"Interkulturelle Kompetenz Seminar f\u00fcr Fach- und F\u00fchrungskr\u00e4fte, die international sicher kommunizieren und zusammenarbeiten m\u00f6chten.","robots":{"index":"index","follow":"follow","max-snippet":"max-snippet:-1","max-image-preview":"max-image-preview:large","max-video-preview":"max-video-preview:-1"},"canonical":"https:\/\/riebeaux.com\/seminar\/interkulturelle-kompetenz\/","twitter_card":"summary_large_image","twitter_title":"Interkulturelle Kompetenz Seminar \u2013 \u00fcber Kulturgrenzen arbeiten","twitter_description":"Interkulturelle Kompetenz Seminar f\u00fcr Fach- und F\u00fchrungskr\u00e4fte, die international sicher kommunizieren und zusammenarbeiten m\u00f6chten.","twitter_image":"https:\/\/riebeaux.com\/wp-content\/uploads\/2022\/05\/interkulturelle-kompetenz-seminar.jpg","twitter_misc":{"Est. reading time":"1 minute"},"schema":{"@context":"https:\/\/schema.org","@graph":[{"@type":"WebPage","@id":"https:\/\/riebeaux.com\/seminar\/interkulturelle-kompetenz\/","url":"https:\/\/riebeaux.com\/seminar\/interkulturelle-kompetenz\/","name":"Interkulturelle Kompetenz Seminar \u2013 \u00fcber Kulturgrenzen arbeiten","isPartOf":{"@id":"https:\/\/riebeaux.com\/#website"},"primaryImageOfPage":{"@id":"https:\/\/riebeaux.com\/seminar\/interkulturelle-kompetenz\/#primaryimage"},"image":{"@id":"https:\/\/riebeaux.com\/seminar\/interkulturelle-kompetenz\/#primaryimage"},"thumbnailUrl":"https:\/\/riebeaux.com\/wp-content\/uploads\/2022\/05\/interkulturelle-kompetenz-seminar.jpg","datePublished":"2022-05-17T14:53:12+00:00","dateModified":"2026-01-27T12:20:15+00:00","description":"Interkulturelle Kompetenz Seminar f\u00fcr Fach- und F\u00fchrungskr\u00e4fte, die international sicher kommunizieren und zusammenarbeiten m\u00f6chten.","breadcrumb":{"@id":"https:\/\/riebeaux.com\/seminar\/interkulturelle-kompetenz\/#breadcrumb"},"inLanguage":"en-US","potentialAction":[{"@type":"ReadAction","target":["https:\/\/riebeaux.com\/seminar\/interkulturelle-kompetenz\/"]}]},{"@type":"ImageObject","inLanguage":"en-US","@id":"https:\/\/riebeaux.com\/seminar\/interkulturelle-kompetenz\/#primaryimage","url":"https:\/\/riebeaux.com\/wp-content\/uploads\/2022\/05\/interkulturelle-kompetenz-seminar.jpg","contentUrl":"https:\/\/riebeaux.com\/wp-content\/uploads\/2022\/05\/interkulturelle-kompetenz-seminar.jpg","width":1000,"height":667,"caption":"Erfolgreich \u00fcber Kulturgrenzen hinweg zusammenarbeiten"},{"@type":"BreadcrumbList","@id":"https:\/\/riebeaux.com\/seminar\/interkulturelle-kompetenz\/#breadcrumb","itemListElement":[{"@type":"ListItem","position":1,"name":"Startseite","item":"https:\/\/riebeaux.com\/en\/"},{"@type":"ListItem","position":2,"name":"Seminare","item":"https:\/\/riebeaux.com\/en\/seminar_kategorien\/"},{"@type":"ListItem","position":3,"name":"Interkulturelle Kompetenz \u2013 sicher \u00fcber Kulturgrenzen zusammenarbeiten"}]},{"@type":"WebSite","@id":"https:\/\/riebeaux.com\/#website","url":"https:\/\/riebeaux.com\/","name":"\u1405 riebeaux","description":"Firmenslogan","potentialAction":[{"@type":"SearchAction","target":{"@type":"EntryPoint","urlTemplate":"https:\/\/riebeaux.com\/?s={search_term_string}"},"query-input":{"@type":"PropertyValueSpecification","valueRequired":true,"valueName":"search_term_string"}}],"inLanguage":"en-US"}]}},"_links":{"self":[{"href":"https:\/\/riebeaux.com\/en\/wp-json\/wp\/v2\/seminar\/86960","targetHints":{"allow":["GET"]}}],"collection":[{"href":"https:\/\/riebeaux.com\/en\/wp-json\/wp\/v2\/seminar"}],"about":[{"href":"https:\/\/riebeaux.com\/en\/wp-json\/wp\/v2\/types\/seminar"}],"replies":[{"embeddable":true,"href":"https:\/\/riebeaux.com\/en\/wp-json\/wp\/v2\/comments?post=86960"}],"version-history":[{"count":0,"href":"https:\/\/riebeaux.com\/en\/wp-json\/wp\/v2\/seminar\/86960\/revisions"}],"wp:featuredmedia":[{"embeddable":true,"href":"https:\/\/riebeaux.com\/en\/wp-json\/wp\/v2\/media\/219893"}],"wp:attachment":[{"href":"https:\/\/riebeaux.com\/en\/wp-json\/wp\/v2\/media?parent=86960"}],"wp:term":[{"taxonomy":"seminar_schlagworte","embeddable":true,"href":"https:\/\/riebeaux.com\/en\/wp-json\/wp\/v2\/seminar_schlagworte?post=86960"},{"taxonomy":"seminar_kategorien","embeddable":true,"href":"https:\/\/riebeaux.com\/en\/wp-json\/wp\/v2\/seminar_kategorien?post=86960"}],"curies":[{"name":"wp","href":"https:\/\/api.w.org\/{rel}","templated":true}]}}

Interkulturelle Kompetenz – sicher über Kulturgrenzen zusammenarbeiten

<!-- This site is optimized with the Yoast SEO plugin v27.4 - https://yoast.com/product/yoast-seo-wordpress/ -->
<title>Interkulturelle Kompetenz Seminar – über Kulturgrenzen arbeiten</title>
<meta name="description" content="Interkulturelle Kompetenz Seminar für Fach- und Führungskräfte, die international sicher kommunizieren und zusammenarbeiten möchten." />
<meta name="robots" content="index, follow, max-snippet:-1, max-image-preview:large, max-video-preview:-1" />
<link rel="canonical" href="https://riebeaux.com/seminar/interkulturelle-kompetenz/" />
<meta name="twitter:card" content="summary_large_image" />
<meta name="twitter:title" content="Interkulturelle Kompetenz Seminar – über Kulturgrenzen arbeiten" />
<meta name="twitter:description" content="Interkulturelle Kompetenz Seminar für Fach- und Führungskräfte, die international sicher kommunizieren und zusammenarbeiten möchten." />
<meta name="twitter:image" content="https://riebeaux.com/wp-content/uploads/2022/05/interkulturelle-kompetenz-seminar.jpg" />
<meta name="twitter:label1" content="Est. reading time" />
	<meta name="twitter:data1" content="1 minute" />
<script type="application/ld+json" class="yoast-schema-graph">{"@context":"https:\/\/schema.org","@graph":[{"@type":"WebPage","@id":"https:\/\/riebeaux.com\/seminar\/interkulturelle-kompetenz\/","url":"https:\/\/riebeaux.com\/seminar\/interkulturelle-kompetenz\/","name":"Interkulturelle Kompetenz Seminar – über Kulturgrenzen arbeiten","isPartOf":{"@id":"https:\/\/riebeaux.com\/#website"},"primaryImageOfPage":{"@id":"https:\/\/riebeaux.com\/seminar\/interkulturelle-kompetenz\/#primaryimage"},"image":{"@id":"https:\/\/riebeaux.com\/seminar\/interkulturelle-kompetenz\/#primaryimage"},"thumbnailUrl":"https:\/\/riebeaux.com\/wp-content\/uploads\/2022\/05\/interkulturelle-kompetenz-seminar.jpg","datePublished":"2022-05-17T14:53:12+00:00","dateModified":"2026-01-27T12:20:15+00:00","description":"Interkulturelle Kompetenz Seminar für Fach- und Führungskräfte, die international sicher kommunizieren und zusammenarbeiten möchten.","breadcrumb":{"@id":"https:\/\/riebeaux.com\/seminar\/interkulturelle-kompetenz\/#breadcrumb"},"inLanguage":"en-US","potentialAction":[{"@type":"ReadAction","target":["https:\/\/riebeaux.com\/seminar\/interkulturelle-kompetenz\/"]}]},{"@type":"ImageObject","inLanguage":"en-US","@id":"https:\/\/riebeaux.com\/seminar\/interkulturelle-kompetenz\/#primaryimage","url":"https:\/\/riebeaux.com\/wp-content\/uploads\/2022\/05\/interkulturelle-kompetenz-seminar.jpg","contentUrl":"https:\/\/riebeaux.com\/wp-content\/uploads\/2022\/05\/interkulturelle-kompetenz-seminar.jpg","width":1000,"height":667,"caption":"Erfolgreich über Kulturgrenzen hinweg zusammenarbeiten"},{"@type":"BreadcrumbList","@id":"https:\/\/riebeaux.com\/seminar\/interkulturelle-kompetenz\/#breadcrumb","itemListElement":[{"@type":"ListItem","position":1,"name":"Startseite","item":"https:\/\/riebeaux.com\/en\/"},{"@type":"ListItem","position":2,"name":"Seminare","item":"https:\/\/riebeaux.com\/en\/seminar_kategorien\/"},{"@type":"ListItem","position":3,"name":"Interkulturelle Kompetenz – sicher über Kulturgrenzen zusammenarbeiten"}]},{"@type":"WebSite","@id":"https:\/\/riebeaux.com\/#website","url":"https:\/\/riebeaux.com\/","name":"ᐅ riebeaux","description":"Firmenslogan","potentialAction":[{"@type":"SearchAction","target":{"@type":"EntryPoint","urlTemplate":"https:\/\/riebeaux.com\/?s={search_term_string}"},"query-input":{"@type":"PropertyValueSpecification","valueRequired":true,"valueName":"search_term_string"}}],"inLanguage":"en-US"}]}</script>
<!-- / Yoast SEO plugin. -->

Interkulturelle Kompetenz Seminar – über Kulturgrenzen arbeiten

Interkulturelle Kompetenz Seminar für Fach- und Führungskräfte, die international sicher kommunizieren und zusammenarbeiten möchten.

Erfolgreich über Kulturgrenzen hinweg zusammenarbeiten

ᐅ riebeaux
