{"id":218641,"date":"2025-08-31T09:12:02","date_gmt":"2025-08-31T07:12:02","guid":{"rendered":"https:\/\/riebeaux.com\/?post_type=seminar&#038;p=218641"},"modified":"2026-01-24T13:02:52","modified_gmt":"2026-01-24T12:02:52","slug":"fuehrungskraft-als-coach","status":"publish","type":"seminar","link":"https:\/\/riebeaux.com\/es\/seminar\/fuehrungskraft-als-coach\/","title":{"rendered":"Die F\u00fchrungskraft als Coach"},"featured_media":219815,"comment_status":"open","ping_status":"closed","template":"","seminar_schlagworte":[1515,1518,1522,1526,1520,1521,1524,1519,1514,1516,1523,1525,1517,1508,1527],"seminar_kategorien":[287],"class_list":["post-218641","seminar","type-seminar","status-publish","has-post-thumbnail","hentry","seminar_schlagworte-coachende-fuehrung-seminar","seminar_schlagworte-coachender-fuehrungsstil","seminar_schlagworte-coaching-haltung-fuehrungskraft","seminar_schlagworte-coaching-im-fuehrungsalltag","seminar_schlagworte-coaching-kompetenzen-fuer-fuehrungskraefte","seminar_schlagworte-entwicklungsorientierte-fuehrung","seminar_schlagworte-feedback-und-coaching-fuehrung","seminar_schlagworte-fuehrung-und-coaching-weiterbildung","seminar_schlagworte-fuehrungskraft-als-coach-seminar","seminar_schlagworte-fuehrungskraefte-coaching-training","seminar_schlagworte-fuehrungskraefteentwicklung-seminar","seminar_schlagworte-mitarbeiter-foerdern-seminar","seminar_schlagworte-mitarbeiterentwicklung-fuehrung","seminar_schlagworte-moderne-fuehrung-seminar","seminar_schlagworte-wirksam-fuehren-seminar","seminar_kategorien-fuehrung"],"acf":[],"yoast_head":"<!-- This site is optimized with the Yoast SEO plugin v27.4 - https:\/\/yoast.com\/product\/yoast-seo-wordpress\/ -->\n<title>F\u00fchrungskraft als Coach Seminar<\/title>\n<meta name=\"description\" content=\"F\u00fchrungskraft als Coach Seminar f\u00fcr F\u00fchrungskr\u00e4fte, die Mitarbeitende wirksam entwickeln und Verantwortung f\u00f6rdern m\u00f6chten.\" \/>\n<meta name=\"robots\" content=\"index, follow, max-snippet:-1, max-image-preview:large, max-video-preview:-1\" \/>\n<link rel=\"canonical\" href=\"https:\/\/riebeaux.com\/seminar\/fuehrungskraft-als-coach\/\" \/>\n<meta name=\"twitter:card\" content=\"summary_large_image\" \/>\n<meta name=\"twitter:title\" content=\"F\u00fchrungskraft als Coach Seminar\" \/>\n<meta name=\"twitter:description\" content=\"F\u00fchrungskraft als Coach Seminar f\u00fcr F\u00fchrungskr\u00e4fte, die Mitarbeitende wirksam entwickeln und Verantwortung f\u00f6rdern m\u00f6chten.\" \/>\n<meta name=\"twitter:image\" content=\"https:\/\/riebeaux.com\/wp-content\/uploads\/2025\/08\/fuehrungskraft-als-coach-seminar.jpg\" \/>\n<meta name=\"twitter:label1\" content=\"Tiempo de lectura\" \/>\n\t<meta name=\"twitter:data1\" content=\"1 minuto\" \/>\n<script type=\"application\/ld+json\" class=\"yoast-schema-graph\">{\"@context\":\"https:\\\/\\\/schema.org\",\"@graph\":[{\"@type\":\"WebPage\",\"@id\":\"https:\\\/\\\/riebeaux.com\\\/seminar\\\/fuehrungskraft-als-coach\\\/\",\"url\":\"https:\\\/\\\/riebeaux.com\\\/seminar\\\/fuehrungskraft-als-coach\\\/\",\"name\":\"F\u00fchrungskraft als Coach Seminar\",\"isPartOf\":{\"@id\":\"https:\\\/\\\/riebeaux.com\\\/#website\"},\"primaryImageOfPage\":{\"@id\":\"https:\\\/\\\/riebeaux.com\\\/seminar\\\/fuehrungskraft-als-coach\\\/#primaryimage\"},\"image\":{\"@id\":\"https:\\\/\\\/riebeaux.com\\\/seminar\\\/fuehrungskraft-als-coach\\\/#primaryimage\"},\"thumbnailUrl\":\"https:\\\/\\\/riebeaux.com\\\/wp-content\\\/uploads\\\/2025\\\/08\\\/fuehrungskraft-als-coach-seminar.jpg\",\"datePublished\":\"2025-08-31T07:12:02+00:00\",\"dateModified\":\"2026-01-24T12:02:52+00:00\",\"description\":\"F\u00fchrungskraft als Coach Seminar f\u00fcr F\u00fchrungskr\u00e4fte, die Mitarbeitende wirksam entwickeln und Verantwortung f\u00f6rdern m\u00f6chten.\",\"breadcrumb\":{\"@id\":\"https:\\\/\\\/riebeaux.com\\\/seminar\\\/fuehrungskraft-als-coach\\\/#breadcrumb\"},\"inLanguage\":\"es\",\"potentialAction\":[{\"@type\":\"ReadAction\",\"target\":[\"https:\\\/\\\/riebeaux.com\\\/seminar\\\/fuehrungskraft-als-coach\\\/\"]}]},{\"@type\":\"ImageObject\",\"inLanguage\":\"es\",\"@id\":\"https:\\\/\\\/riebeaux.com\\\/seminar\\\/fuehrungskraft-als-coach\\\/#primaryimage\",\"url\":\"https:\\\/\\\/riebeaux.com\\\/wp-content\\\/uploads\\\/2025\\\/08\\\/fuehrungskraft-als-coach-seminar.jpg\",\"contentUrl\":\"https:\\\/\\\/riebeaux.com\\\/wp-content\\\/uploads\\\/2025\\\/08\\\/fuehrungskraft-als-coach-seminar.jpg\",\"width\":1000,\"height\":667,\"caption\":\"Mitarbeitende entwickeln statt nur steuern\"},{\"@type\":\"BreadcrumbList\",\"@id\":\"https:\\\/\\\/riebeaux.com\\\/seminar\\\/fuehrungskraft-als-coach\\\/#breadcrumb\",\"itemListElement\":[{\"@type\":\"ListItem\",\"position\":1,\"name\":\"Startseite\",\"item\":\"https:\\\/\\\/riebeaux.com\\\/es\\\/\"},{\"@type\":\"ListItem\",\"position\":2,\"name\":\"Seminare\",\"item\":\"https:\\\/\\\/riebeaux.com\\\/en\\\/seminar_kategorien\\\/\"},{\"@type\":\"ListItem\",\"position\":3,\"name\":\"Die F\u00fchrungskraft als Coach\"}]},{\"@type\":\"WebSite\",\"@id\":\"https:\\\/\\\/riebeaux.com\\\/#website\",\"url\":\"https:\\\/\\\/riebeaux.com\\\/\",\"name\":\"\u1405 riebeaux\",\"description\":\"Firmenslogan\",\"potentialAction\":[{\"@type\":\"SearchAction\",\"target\":{\"@type\":\"EntryPoint\",\"urlTemplate\":\"https:\\\/\\\/riebeaux.com\\\/?s={search_term_string}\"},\"query-input\":{\"@type\":\"PropertyValueSpecification\",\"valueRequired\":true,\"valueName\":\"search_term_string\"}}],\"inLanguage\":\"es\"}]}<\/script>\n<!-- \/ Yoast SEO plugin. -->","yoast_head_json":{"title":"F\u00fchrungskraft als Coach Seminar","description":"F\u00fchrungskraft als Coach Seminar f\u00fcr F\u00fchrungskr\u00e4fte, die Mitarbeitende wirksam entwickeln und Verantwortung f\u00f6rdern m\u00f6chten.","robots":{"index":"index","follow":"follow","max-snippet":"max-snippet:-1","max-image-preview":"max-image-preview:large","max-video-preview":"max-video-preview:-1"},"canonical":"https:\/\/riebeaux.com\/seminar\/fuehrungskraft-als-coach\/","twitter_card":"summary_large_image","twitter_title":"F\u00fchrungskraft als Coach Seminar","twitter_description":"F\u00fchrungskraft als Coach Seminar f\u00fcr F\u00fchrungskr\u00e4fte, die Mitarbeitende wirksam entwickeln und Verantwortung f\u00f6rdern m\u00f6chten.","twitter_image":"https:\/\/riebeaux.com\/wp-content\/uploads\/2025\/08\/fuehrungskraft-als-coach-seminar.jpg","twitter_misc":{"Tiempo de lectura":"1 minuto"},"schema":{"@context":"https:\/\/schema.org","@graph":[{"@type":"WebPage","@id":"https:\/\/riebeaux.com\/seminar\/fuehrungskraft-als-coach\/","url":"https:\/\/riebeaux.com\/seminar\/fuehrungskraft-als-coach\/","name":"F\u00fchrungskraft als Coach Seminar","isPartOf":{"@id":"https:\/\/riebeaux.com\/#website"},"primaryImageOfPage":{"@id":"https:\/\/riebeaux.com\/seminar\/fuehrungskraft-als-coach\/#primaryimage"},"image":{"@id":"https:\/\/riebeaux.com\/seminar\/fuehrungskraft-als-coach\/#primaryimage"},"thumbnailUrl":"https:\/\/riebeaux.com\/wp-content\/uploads\/2025\/08\/fuehrungskraft-als-coach-seminar.jpg","datePublished":"2025-08-31T07:12:02+00:00","dateModified":"2026-01-24T12:02:52+00:00","description":"F\u00fchrungskraft als Coach Seminar f\u00fcr F\u00fchrungskr\u00e4fte, die Mitarbeitende wirksam entwickeln und Verantwortung f\u00f6rdern m\u00f6chten.","breadcrumb":{"@id":"https:\/\/riebeaux.com\/seminar\/fuehrungskraft-als-coach\/#breadcrumb"},"inLanguage":"es","potentialAction":[{"@type":"ReadAction","target":["https:\/\/riebeaux.com\/seminar\/fuehrungskraft-als-coach\/"]}]},{"@type":"ImageObject","inLanguage":"es","@id":"https:\/\/riebeaux.com\/seminar\/fuehrungskraft-als-coach\/#primaryimage","url":"https:\/\/riebeaux.com\/wp-content\/uploads\/2025\/08\/fuehrungskraft-als-coach-seminar.jpg","contentUrl":"https:\/\/riebeaux.com\/wp-content\/uploads\/2025\/08\/fuehrungskraft-als-coach-seminar.jpg","width":1000,"height":667,"caption":"Mitarbeitende entwickeln statt nur steuern"},{"@type":"BreadcrumbList","@id":"https:\/\/riebeaux.com\/seminar\/fuehrungskraft-als-coach\/#breadcrumb","itemListElement":[{"@type":"ListItem","position":1,"name":"Startseite","item":"https:\/\/riebeaux.com\/es\/"},{"@type":"ListItem","position":2,"name":"Seminare","item":"https:\/\/riebeaux.com\/en\/seminar_kategorien\/"},{"@type":"ListItem","position":3,"name":"Die F\u00fchrungskraft als Coach"}]},{"@type":"WebSite","@id":"https:\/\/riebeaux.com\/#website","url":"https:\/\/riebeaux.com\/","name":"\u1405 riebeaux","description":"Firmenslogan","potentialAction":[{"@type":"SearchAction","target":{"@type":"EntryPoint","urlTemplate":"https:\/\/riebeaux.com\/?s={search_term_string}"},"query-input":{"@type":"PropertyValueSpecification","valueRequired":true,"valueName":"search_term_string"}}],"inLanguage":"es"}]}},"_links":{"self":[{"href":"https:\/\/riebeaux.com\/es\/wp-json\/wp\/v2\/seminar\/218641","targetHints":{"allow":["GET"]}}],"collection":[{"href":"https:\/\/riebeaux.com\/es\/wp-json\/wp\/v2\/seminar"}],"about":[{"href":"https:\/\/riebeaux.com\/es\/wp-json\/wp\/v2\/types\/seminar"}],"replies":[{"embeddable":true,"href":"https:\/\/riebeaux.com\/es\/wp-json\/wp\/v2\/comments?post=218641"}],"version-history":[{"count":0,"href":"https:\/\/riebeaux.com\/es\/wp-json\/wp\/v2\/seminar\/218641\/revisions"}],"wp:featuredmedia":[{"embeddable":true,"href":"https:\/\/riebeaux.com\/es\/wp-json\/wp\/v2\/media\/219815"}],"wp:attachment":[{"href":"https:\/\/riebeaux.com\/es\/wp-json\/wp\/v2\/media?parent=218641"}],"wp:term":[{"taxonomy":"seminar_schlagworte","embeddable":true,"href":"https:\/\/riebeaux.com\/es\/wp-json\/wp\/v2\/seminar_schlagworte?post=218641"},{"taxonomy":"seminar_kategorien","embeddable":true,"href":"https:\/\/riebeaux.com\/es\/wp-json\/wp\/v2\/seminar_kategorien?post=218641"}],"curies":[{"name":"wp","href":"https:\/\/api.w.org\/{rel}","templated":true}]}}

Die Führungskraft als Coach

<!-- This site is optimized with the Yoast SEO plugin v27.4 - https://yoast.com/product/yoast-seo-wordpress/ -->
<title>Führungskraft als Coach Seminar</title>
<meta name="description" content="Führungskraft als Coach Seminar für Führungskräfte, die Mitarbeitende wirksam entwickeln und Verantwortung fördern möchten." />
<meta name="robots" content="index, follow, max-snippet:-1, max-image-preview:large, max-video-preview:-1" />
<link rel="canonical" href="https://riebeaux.com/seminar/fuehrungskraft-als-coach/" />
<meta name="twitter:card" content="summary_large_image" />
<meta name="twitter:title" content="Führungskraft als Coach Seminar" />
<meta name="twitter:description" content="Führungskraft als Coach Seminar für Führungskräfte, die Mitarbeitende wirksam entwickeln und Verantwortung fördern möchten." />
<meta name="twitter:image" content="https://riebeaux.com/wp-content/uploads/2025/08/fuehrungskraft-als-coach-seminar.jpg" />
<meta name="twitter:label1" content="Tiempo de lectura" />
	<meta name="twitter:data1" content="1 minuto" />
<script type="application/ld+json" class="yoast-schema-graph">{"@context":"https:\/\/schema.org","@graph":[{"@type":"WebPage","@id":"https:\/\/riebeaux.com\/seminar\/fuehrungskraft-als-coach\/","url":"https:\/\/riebeaux.com\/seminar\/fuehrungskraft-als-coach\/","name":"Führungskraft als Coach Seminar","isPartOf":{"@id":"https:\/\/riebeaux.com\/#website"},"primaryImageOfPage":{"@id":"https:\/\/riebeaux.com\/seminar\/fuehrungskraft-als-coach\/#primaryimage"},"image":{"@id":"https:\/\/riebeaux.com\/seminar\/fuehrungskraft-als-coach\/#primaryimage"},"thumbnailUrl":"https:\/\/riebeaux.com\/wp-content\/uploads\/2025\/08\/fuehrungskraft-als-coach-seminar.jpg","datePublished":"2025-08-31T07:12:02+00:00","dateModified":"2026-01-24T12:02:52+00:00","description":"Führungskraft als Coach Seminar für Führungskräfte, die Mitarbeitende wirksam entwickeln und Verantwortung fördern möchten.","breadcrumb":{"@id":"https:\/\/riebeaux.com\/seminar\/fuehrungskraft-als-coach\/#breadcrumb"},"inLanguage":"es","potentialAction":[{"@type":"ReadAction","target":["https:\/\/riebeaux.com\/seminar\/fuehrungskraft-als-coach\/"]}]},{"@type":"ImageObject","inLanguage":"es","@id":"https:\/\/riebeaux.com\/seminar\/fuehrungskraft-als-coach\/#primaryimage","url":"https:\/\/riebeaux.com\/wp-content\/uploads\/2025\/08\/fuehrungskraft-als-coach-seminar.jpg","contentUrl":"https:\/\/riebeaux.com\/wp-content\/uploads\/2025\/08\/fuehrungskraft-als-coach-seminar.jpg","width":1000,"height":667,"caption":"Mitarbeitende entwickeln statt nur steuern"},{"@type":"BreadcrumbList","@id":"https:\/\/riebeaux.com\/seminar\/fuehrungskraft-als-coach\/#breadcrumb","itemListElement":[{"@type":"ListItem","position":1,"name":"Startseite","item":"https:\/\/riebeaux.com\/es\/"},{"@type":"ListItem","position":2,"name":"Seminare","item":"https:\/\/riebeaux.com\/en\/seminar_kategorien\/"},{"@type":"ListItem","position":3,"name":"Die Führungskraft als Coach"}]},{"@type":"WebSite","@id":"https:\/\/riebeaux.com\/#website","url":"https:\/\/riebeaux.com\/","name":"ᐅ riebeaux","description":"Firmenslogan","potentialAction":[{"@type":"SearchAction","target":{"@type":"EntryPoint","urlTemplate":"https:\/\/riebeaux.com\/?s={search_term_string}"},"query-input":{"@type":"PropertyValueSpecification","valueRequired":true,"valueName":"search_term_string"}}],"inLanguage":"es"}]}</script>
<!-- / Yoast SEO plugin. -->

Führungskraft als Coach Seminar

Führungskraft als Coach Seminar für Führungskräfte, die Mitarbeitende wirksam entwickeln und Verantwortung fördern möchten.

ᐅ riebeaux
