{"id":86966,"date":"2022-05-17T16:57:24","date_gmt":"2022-05-17T14:57:24","guid":{"rendered":"https:\/\/riebeaux.de\/?post_type=seminar&#038;p=86966"},"modified":"2026-01-28T08:29:47","modified_gmt":"2026-01-28T07:29:47","slug":"konfliktmanagement","status":"publish","type":"seminar","link":"https:\/\/riebeaux.com\/es\/seminar\/konfliktmanagement\/","title":{"rendered":"Konfliktmanagement \u2013 professionell vorbeugen, deeskalieren, l\u00f6sen"},"featured_media":220030,"comment_status":"open","ping_status":"closed","template":"","seminar_schlagworte":[1374,1378,1131,1370,1372,1375,1371,1373,1376,1368,1369,1379,1380,1348,1377],"seminar_kategorien":[435],"class_list":["post-86966","seminar","type-seminar","status-publish","has-post-thumbnail","hentry","seminar_schlagworte-deeskalation-seminar","seminar_schlagworte-konflikte-im-arbeitsalltag","seminar_schlagworte-konflikte-im-projekt-loesen","seminar_schlagworte-konflikte-loesen-seminar","seminar_schlagworte-konflikte-professionell-klaeren","seminar_schlagworte-konfliktkommunikation-seminar","seminar_schlagworte-konfliktloesung-im-team","seminar_schlagworte-konfliktmanagement-fuehrungskraefte","seminar_schlagworte-konfliktmanagement-hr","seminar_schlagworte-konfliktmanagement-seminar","seminar_schlagworte-konfliktmanagement-training","seminar_schlagworte-konfliktpraevention-unternehmen","seminar_schlagworte-professioneller-umgang-mit-konflikten","seminar_schlagworte-schwierige-gespraeche-fuehren","seminar_schlagworte-zusammenarbeit-verbessern-seminar","seminar_kategorien-kommunikation-rhetorik"],"acf":[],"yoast_head":"<!-- This site is optimized with the Yoast SEO plugin v27.4 - https:\/\/yoast.com\/product\/yoast-seo-wordpress\/ -->\n<title>Konfliktmanagement Seminar \u2013 vorbeugen, deeskalieren, l\u00f6sen<\/title>\n<meta name=\"description\" content=\"Konfliktmanagement Seminar f\u00fcr Fach- und F\u00fchrungskr\u00e4fte, HR und Teams, die Konflikte souver\u00e4n kl\u00e4ren und Zusammenarbeit st\u00e4rken m\u00f6chten.\" \/>\n<meta name=\"robots\" content=\"index, follow, max-snippet:-1, max-image-preview:large, max-video-preview:-1\" \/>\n<link rel=\"canonical\" href=\"https:\/\/riebeaux.com\/seminar\/konfliktmanagement\/\" \/>\n<meta name=\"twitter:card\" content=\"summary_large_image\" \/>\n<meta name=\"twitter:title\" content=\"Konfliktmanagement Seminar \u2013 vorbeugen, deeskalieren, l\u00f6sen\" \/>\n<meta name=\"twitter:description\" content=\"Konfliktmanagement Seminar f\u00fcr Fach- und F\u00fchrungskr\u00e4fte, HR und Teams, die Konflikte souver\u00e4n kl\u00e4ren und Zusammenarbeit st\u00e4rken m\u00f6chten.\" \/>\n<meta name=\"twitter:image\" content=\"https:\/\/riebeaux.com\/wp-content\/uploads\/2022\/05\/konfliktmanagement-seminar.jpg\" \/>\n<meta name=\"twitter:label1\" content=\"Tiempo de lectura\" \/>\n\t<meta name=\"twitter:data1\" content=\"1 minuto\" \/>\n<script type=\"application\/ld+json\" class=\"yoast-schema-graph\">{\"@context\":\"https:\\\/\\\/schema.org\",\"@graph\":[{\"@type\":\"WebPage\",\"@id\":\"https:\\\/\\\/riebeaux.com\\\/seminar\\\/konfliktmanagement\\\/\",\"url\":\"https:\\\/\\\/riebeaux.com\\\/seminar\\\/konfliktmanagement\\\/\",\"name\":\"Konfliktmanagement Seminar \u2013 vorbeugen, deeskalieren, l\u00f6sen\",\"isPartOf\":{\"@id\":\"https:\\\/\\\/riebeaux.com\\\/#website\"},\"primaryImageOfPage\":{\"@id\":\"https:\\\/\\\/riebeaux.com\\\/seminar\\\/konfliktmanagement\\\/#primaryimage\"},\"image\":{\"@id\":\"https:\\\/\\\/riebeaux.com\\\/seminar\\\/konfliktmanagement\\\/#primaryimage\"},\"thumbnailUrl\":\"https:\\\/\\\/riebeaux.com\\\/wp-content\\\/uploads\\\/2022\\\/05\\\/konfliktmanagement-seminar.jpg\",\"datePublished\":\"2022-05-17T14:57:24+00:00\",\"dateModified\":\"2026-01-28T07:29:47+00:00\",\"description\":\"Konfliktmanagement Seminar f\u00fcr Fach- und F\u00fchrungskr\u00e4fte, HR und Teams, die Konflikte souver\u00e4n kl\u00e4ren und Zusammenarbeit st\u00e4rken m\u00f6chten.\",\"breadcrumb\":{\"@id\":\"https:\\\/\\\/riebeaux.com\\\/seminar\\\/konfliktmanagement\\\/#breadcrumb\"},\"inLanguage\":\"es\",\"potentialAction\":[{\"@type\":\"ReadAction\",\"target\":[\"https:\\\/\\\/riebeaux.com\\\/seminar\\\/konfliktmanagement\\\/\"]}]},{\"@type\":\"ImageObject\",\"inLanguage\":\"es\",\"@id\":\"https:\\\/\\\/riebeaux.com\\\/seminar\\\/konfliktmanagement\\\/#primaryimage\",\"url\":\"https:\\\/\\\/riebeaux.com\\\/wp-content\\\/uploads\\\/2022\\\/05\\\/konfliktmanagement-seminar.jpg\",\"contentUrl\":\"https:\\\/\\\/riebeaux.com\\\/wp-content\\\/uploads\\\/2022\\\/05\\\/konfliktmanagement-seminar.jpg\",\"width\":1000,\"height\":667,\"caption\":\"Sicher handeln in Spannungs-, Konflikt- und Eskalationssituationen\"},{\"@type\":\"BreadcrumbList\",\"@id\":\"https:\\\/\\\/riebeaux.com\\\/seminar\\\/konfliktmanagement\\\/#breadcrumb\",\"itemListElement\":[{\"@type\":\"ListItem\",\"position\":1,\"name\":\"Startseite\",\"item\":\"https:\\\/\\\/riebeaux.com\\\/es\\\/\"},{\"@type\":\"ListItem\",\"position\":2,\"name\":\"Seminare\",\"item\":\"https:\\\/\\\/riebeaux.com\\\/en\\\/seminar_kategorien\\\/\"},{\"@type\":\"ListItem\",\"position\":3,\"name\":\"Konfliktmanagement \u2013 professionell vorbeugen, deeskalieren, l\u00f6sen\"}]},{\"@type\":\"WebSite\",\"@id\":\"https:\\\/\\\/riebeaux.com\\\/#website\",\"url\":\"https:\\\/\\\/riebeaux.com\\\/\",\"name\":\"\u1405 riebeaux\",\"description\":\"Firmenslogan\",\"potentialAction\":[{\"@type\":\"SearchAction\",\"target\":{\"@type\":\"EntryPoint\",\"urlTemplate\":\"https:\\\/\\\/riebeaux.com\\\/?s={search_term_string}\"},\"query-input\":{\"@type\":\"PropertyValueSpecification\",\"valueRequired\":true,\"valueName\":\"search_term_string\"}}],\"inLanguage\":\"es\"}]}<\/script>\n<!-- \/ Yoast SEO plugin. -->","yoast_head_json":{"title":"Konfliktmanagement Seminar \u2013 vorbeugen, deeskalieren, l\u00f6sen","description":"Konfliktmanagement Seminar f\u00fcr Fach- und F\u00fchrungskr\u00e4fte, HR und Teams, die Konflikte souver\u00e4n kl\u00e4ren und Zusammenarbeit st\u00e4rken m\u00f6chten.","robots":{"index":"index","follow":"follow","max-snippet":"max-snippet:-1","max-image-preview":"max-image-preview:large","max-video-preview":"max-video-preview:-1"},"canonical":"https:\/\/riebeaux.com\/seminar\/konfliktmanagement\/","twitter_card":"summary_large_image","twitter_title":"Konfliktmanagement Seminar \u2013 vorbeugen, deeskalieren, l\u00f6sen","twitter_description":"Konfliktmanagement Seminar f\u00fcr Fach- und F\u00fchrungskr\u00e4fte, HR und Teams, die Konflikte souver\u00e4n kl\u00e4ren und Zusammenarbeit st\u00e4rken m\u00f6chten.","twitter_image":"https:\/\/riebeaux.com\/wp-content\/uploads\/2022\/05\/konfliktmanagement-seminar.jpg","twitter_misc":{"Tiempo de lectura":"1 minuto"},"schema":{"@context":"https:\/\/schema.org","@graph":[{"@type":"WebPage","@id":"https:\/\/riebeaux.com\/seminar\/konfliktmanagement\/","url":"https:\/\/riebeaux.com\/seminar\/konfliktmanagement\/","name":"Konfliktmanagement Seminar \u2013 vorbeugen, deeskalieren, l\u00f6sen","isPartOf":{"@id":"https:\/\/riebeaux.com\/#website"},"primaryImageOfPage":{"@id":"https:\/\/riebeaux.com\/seminar\/konfliktmanagement\/#primaryimage"},"image":{"@id":"https:\/\/riebeaux.com\/seminar\/konfliktmanagement\/#primaryimage"},"thumbnailUrl":"https:\/\/riebeaux.com\/wp-content\/uploads\/2022\/05\/konfliktmanagement-seminar.jpg","datePublished":"2022-05-17T14:57:24+00:00","dateModified":"2026-01-28T07:29:47+00:00","description":"Konfliktmanagement Seminar f\u00fcr Fach- und F\u00fchrungskr\u00e4fte, HR und Teams, die Konflikte souver\u00e4n kl\u00e4ren und Zusammenarbeit st\u00e4rken m\u00f6chten.","breadcrumb":{"@id":"https:\/\/riebeaux.com\/seminar\/konfliktmanagement\/#breadcrumb"},"inLanguage":"es","potentialAction":[{"@type":"ReadAction","target":["https:\/\/riebeaux.com\/seminar\/konfliktmanagement\/"]}]},{"@type":"ImageObject","inLanguage":"es","@id":"https:\/\/riebeaux.com\/seminar\/konfliktmanagement\/#primaryimage","url":"https:\/\/riebeaux.com\/wp-content\/uploads\/2022\/05\/konfliktmanagement-seminar.jpg","contentUrl":"https:\/\/riebeaux.com\/wp-content\/uploads\/2022\/05\/konfliktmanagement-seminar.jpg","width":1000,"height":667,"caption":"Sicher handeln in Spannungs-, Konflikt- und Eskalationssituationen"},{"@type":"BreadcrumbList","@id":"https:\/\/riebeaux.com\/seminar\/konfliktmanagement\/#breadcrumb","itemListElement":[{"@type":"ListItem","position":1,"name":"Startseite","item":"https:\/\/riebeaux.com\/es\/"},{"@type":"ListItem","position":2,"name":"Seminare","item":"https:\/\/riebeaux.com\/en\/seminar_kategorien\/"},{"@type":"ListItem","position":3,"name":"Konfliktmanagement \u2013 professionell vorbeugen, deeskalieren, l\u00f6sen"}]},{"@type":"WebSite","@id":"https:\/\/riebeaux.com\/#website","url":"https:\/\/riebeaux.com\/","name":"\u1405 riebeaux","description":"Firmenslogan","potentialAction":[{"@type":"SearchAction","target":{"@type":"EntryPoint","urlTemplate":"https:\/\/riebeaux.com\/?s={search_term_string}"},"query-input":{"@type":"PropertyValueSpecification","valueRequired":true,"valueName":"search_term_string"}}],"inLanguage":"es"}]}},"_links":{"self":[{"href":"https:\/\/riebeaux.com\/es\/wp-json\/wp\/v2\/seminar\/86966","targetHints":{"allow":["GET"]}}],"collection":[{"href":"https:\/\/riebeaux.com\/es\/wp-json\/wp\/v2\/seminar"}],"about":[{"href":"https:\/\/riebeaux.com\/es\/wp-json\/wp\/v2\/types\/seminar"}],"replies":[{"embeddable":true,"href":"https:\/\/riebeaux.com\/es\/wp-json\/wp\/v2\/comments?post=86966"}],"version-history":[{"count":0,"href":"https:\/\/riebeaux.com\/es\/wp-json\/wp\/v2\/seminar\/86966\/revisions"}],"wp:featuredmedia":[{"embeddable":true,"href":"https:\/\/riebeaux.com\/es\/wp-json\/wp\/v2\/media\/220030"}],"wp:attachment":[{"href":"https:\/\/riebeaux.com\/es\/wp-json\/wp\/v2\/media?parent=86966"}],"wp:term":[{"taxonomy":"seminar_schlagworte","embeddable":true,"href":"https:\/\/riebeaux.com\/es\/wp-json\/wp\/v2\/seminar_schlagworte?post=86966"},{"taxonomy":"seminar_kategorien","embeddable":true,"href":"https:\/\/riebeaux.com\/es\/wp-json\/wp\/v2\/seminar_kategorien?post=86966"}],"curies":[{"name":"wp","href":"https:\/\/api.w.org\/{rel}","templated":true}]}}

Konfliktmanagement – professionell vorbeugen, deeskalieren, lösen

<!-- This site is optimized with the Yoast SEO plugin v27.4 - https://yoast.com/product/yoast-seo-wordpress/ -->
<title>Konfliktmanagement Seminar – vorbeugen, deeskalieren, lösen</title>
<meta name="description" content="Konfliktmanagement Seminar für Fach- und Führungskräfte, HR und Teams, die Konflikte souverän klären und Zusammenarbeit stärken möchten." />
<meta name="robots" content="index, follow, max-snippet:-1, max-image-preview:large, max-video-preview:-1" />
<link rel="canonical" href="https://riebeaux.com/seminar/konfliktmanagement/" />
<meta name="twitter:card" content="summary_large_image" />
<meta name="twitter:title" content="Konfliktmanagement Seminar – vorbeugen, deeskalieren, lösen" />
<meta name="twitter:description" content="Konfliktmanagement Seminar für Fach- und Führungskräfte, HR und Teams, die Konflikte souverän klären und Zusammenarbeit stärken möchten." />
<meta name="twitter:image" content="https://riebeaux.com/wp-content/uploads/2022/05/konfliktmanagement-seminar.jpg" />
<meta name="twitter:label1" content="Tiempo de lectura" />
	<meta name="twitter:data1" content="1 minuto" />
<script type="application/ld+json" class="yoast-schema-graph">{"@context":"https:\/\/schema.org","@graph":[{"@type":"WebPage","@id":"https:\/\/riebeaux.com\/seminar\/konfliktmanagement\/","url":"https:\/\/riebeaux.com\/seminar\/konfliktmanagement\/","name":"Konfliktmanagement Seminar – vorbeugen, deeskalieren, lösen","isPartOf":{"@id":"https:\/\/riebeaux.com\/#website"},"primaryImageOfPage":{"@id":"https:\/\/riebeaux.com\/seminar\/konfliktmanagement\/#primaryimage"},"image":{"@id":"https:\/\/riebeaux.com\/seminar\/konfliktmanagement\/#primaryimage"},"thumbnailUrl":"https:\/\/riebeaux.com\/wp-content\/uploads\/2022\/05\/konfliktmanagement-seminar.jpg","datePublished":"2022-05-17T14:57:24+00:00","dateModified":"2026-01-28T07:29:47+00:00","description":"Konfliktmanagement Seminar für Fach- und Führungskräfte, HR und Teams, die Konflikte souverän klären und Zusammenarbeit stärken möchten.","breadcrumb":{"@id":"https:\/\/riebeaux.com\/seminar\/konfliktmanagement\/#breadcrumb"},"inLanguage":"es","potentialAction":[{"@type":"ReadAction","target":["https:\/\/riebeaux.com\/seminar\/konfliktmanagement\/"]}]},{"@type":"ImageObject","inLanguage":"es","@id":"https:\/\/riebeaux.com\/seminar\/konfliktmanagement\/#primaryimage","url":"https:\/\/riebeaux.com\/wp-content\/uploads\/2022\/05\/konfliktmanagement-seminar.jpg","contentUrl":"https:\/\/riebeaux.com\/wp-content\/uploads\/2022\/05\/konfliktmanagement-seminar.jpg","width":1000,"height":667,"caption":"Sicher handeln in Spannungs-, Konflikt- und Eskalationssituationen"},{"@type":"BreadcrumbList","@id":"https:\/\/riebeaux.com\/seminar\/konfliktmanagement\/#breadcrumb","itemListElement":[{"@type":"ListItem","position":1,"name":"Startseite","item":"https:\/\/riebeaux.com\/es\/"},{"@type":"ListItem","position":2,"name":"Seminare","item":"https:\/\/riebeaux.com\/en\/seminar_kategorien\/"},{"@type":"ListItem","position":3,"name":"Konfliktmanagement – professionell vorbeugen, deeskalieren, lösen"}]},{"@type":"WebSite","@id":"https:\/\/riebeaux.com\/#website","url":"https:\/\/riebeaux.com\/","name":"ᐅ riebeaux","description":"Firmenslogan","potentialAction":[{"@type":"SearchAction","target":{"@type":"EntryPoint","urlTemplate":"https:\/\/riebeaux.com\/?s={search_term_string}"},"query-input":{"@type":"PropertyValueSpecification","valueRequired":true,"valueName":"search_term_string"}}],"inLanguage":"es"}]}</script>
<!-- / Yoast SEO plugin. -->

Konfliktmanagement Seminar – vorbeugen, deeskalieren, lösen

Konfliktmanagement Seminar für Fach- und Führungskräfte, HR und Teams, die Konflikte souverän klären und Zusammenarbeit stärken möchten.

ᐅ riebeaux
